
Let j be ((-5)/(-2) + 4)*(9 - 3). Suppose -2*i + j + 161 = -s, i - 94 = -s. List the prime factors of i.
2, 7
Suppose 0 = -h + 2*l - 0*l + 18, -111 = -4*h - 5*l. Suppose -8*j + 2*j + h = 0. Let b(m) = 14*m**2 - 14*m + 6. List the prime factors of b(j).
2, 3, 29
Suppose 16*i - 40*i + 2912 = 32*i. Suppose 4*o = -4*p + 476, 3*o - 377 - 5 = 2*p. Let s = o - i. List the prime factors of s.
2, 3
Suppose -115*q + 4*q = -1033521. List the prime factors of q.
9311
Let y(a) = 32*a + 13341. List the prime factors of y(-33).
3, 5, 7, 13
Suppose 5*c + 13*z - 16*z = 239, -3*c + z + 145 = 0. Suppose 4*r = 3*r - 26. Let f = c - r. What are the prime factors of f?
3, 5
What are the prime factors of ((-14)/(-49))/((-10)/35)*-7073*1?
11, 643
Let v(o) = o**3 - 2*o**2 + 7*o + 3. Let p be v(5). List the prime factors of p/(-5 - (-64)/12).
3, 113
Let j = -135 + 224. Let w = -86 + j. Suppose w*i - i - 272 = 2*n, i = 2*n + 134. What are the prime factors of i?
2, 3, 23
Let p(o) = 3*o**3 - 22*o**2 + 12*o + 104. Let a(k) = 8*k**2 + 9*k**2 - k**3 - 10*k**2 - 4*k - 35. Let r(z) = -17*a(z) - 6*p(z). List the prime factors of r(12).
67
Let n = -16 - -8. Let f be 12/(4 - (-44)/n). List the prime factors of f/64 - (-1458)/16.
7, 13
Let b(d) = 23*d - 16. Let j be b(7). Suppose 2*p - j = -3*p. Suppose -2*n + 83 = 4*y + p, n - 4*y = 21. List the prime factors of n.
5
Let m(u) be the second derivative of u**4/6 - u**3/3 + 13*u**2 - 3*u. List the prime factors of m(4).
2, 5
Suppose 9*l = 6*l + 15. Let o be 1 - (l - 6) - (0 - 0). Suppose 0 = o*f + 47 - 159. List the prime factors of f.
2, 7
Let w(i) = -207*i**3 + 8*i**2 - 47*i - 214. List the prime factors of w(-4).
2, 3, 5, 89
What are the prime factors of 45/25*(1853 - 0) + 6/(-15)?
5, 23, 29
Let n be 1/(5/(-119)) - 4/20. What are the prime factors of 2 - n/(-9) - 1722/(-18)?
5, 19
Let w(r) = 284*r - 122. Let c be w(7). Let a = c + -1109. List the prime factors of a.
757
Let r(w) = 19*w**2 - 9*w + 14. Let x be r(4). Let z = -69 + x. Suppose -4*q - d + 716 = 0, -d - z = -5*q + 673. List the prime factors of q.
2, 89
Let a = -283 - -212. What are the prime factors of (-12)/24*(-16)/(-2)*a?
2, 71
Let u(d) = 0*d + 18 - 8 - d + 9. Let b be u(21). Let w(k) = -18*k - 2. What are the prime factors of w(b)?
2, 17
Suppose 2*h = -4*x + 258 - 16, 4*h - 244 = -4*x. Suppose -p = -13*p + x. Suppose -2*a - 4*t = -102, -p*a + t + 229 = -2*t. List the prime factors of a.
47
Let o(d) = d**2 + 3*d - 177. Let t be o(0). Suppose -3*h - 2*x = x + 363, -h - 115 = -5*x. Let y = h - t. List the prime factors of y.
3, 19
Let a = -7 - -81. Suppose -4 = y - a. Let z = -23 + y. List the prime factors of z.
47
Suppose -1748 = -19*i + 15*i. Suppose 2*m - i = -2*r - m, 0 = r - 5*m - 251. List the prime factors of r.
2, 113
Let a(f) = -4*f**2 + 3*f + 2. Let q be a(-2). Let y = 24 + q. Suppose u = 4*c - 110, u = y*c - 4*u - 118. What are the prime factors of c?
3
Let n(v) = -2*v - v + v + v**2 - 3*v**3. Let i be -7*(-23)/(644/(-8)). What are the prime factors of n(i)?
2
Let q(v) = -32*v**3 - 8*v**2 + 2*v + 23. List the prime factors of q(-5).
3, 31, 41
Suppose 27*l + 786 = -4*t + 29*l, 0 = 2*l - 6. Let x = 557 + -216. Let o = t + x. What are the prime factors of o?
2, 73
Suppose 32*u - 39*u + 35 = 0. Let p be -2 - -4 - (-1 + u). Let r(g) = -13*g**3 - 2*g**2 + 3*g + 3. List the prime factors of r(p).
3, 31
Suppose -5*p + 71 = -5*d + 16, 3*d - 4*p = -34. Let k = 15 + d. Suppose -k*w + 177 = -233. What are the prime factors of w?
2, 41
Suppose -22*c = -3*c - 76. Suppose 3*a - 3576 = c*q, 0 = -10*a + 13*a + 5*q - 3576. What are the prime factors of a?
2, 149
Let a = -21765 - -35746. Suppose -14*t + a = 27*t. List the prime factors of t.
11, 31
Let l = -8754 - -20663. List the prime factors of l.
11909
Let r(h) = 17*h - 115. Let y be r(7). List the prime factors of 1310 - 8/6*(-6)/y.
2, 41
Let s(t) be the first derivative of 50*t**3/3 - 13*t**2/2 + 4*t + 31. List the prime factors of s(4).
2, 47
Let r = 136 - 241. Let l = r + 108. Let b(p) = 6*p - 15. What are the prime factors of b(l)?
3
Let f(t) = 146*t**2 - 35*t - 32. List the prime factors of f(-15).
33343
Let w(v) = 5 + 2*v**2 - 14 - v + 46. List the prime factors of w(12).
313
Suppose 5*n + 3442 = 4*c, -2*n = -7*c + 10*c - 2570. Let t = c + -737. List the prime factors of t.
11
Let u be (-2623)/7 - 4/14. Suppose 11*c - 9*c = i + 1265, -12 = 4*i. Let h = c + u. What are the prime factors of h?
2
Let i(j) = 4*j + 12. Suppose -4*t = -3*t + t. Suppose t = -4*d + 4*o + 8, 4*d - 3*o - 15 + 2 = 0. List the prime factors of i(d).
2, 5
Suppose -2*h = 2*h + 4. Let l(x) = -41*x + 7*x + 2 - 15*x - 24*x. What are the prime factors of l(h)?
3, 5
Suppose -17 = 4*m - 81. Suppose 0 = -0*i + 8*i - m. Let g(n) = 30*n - 5. List the prime factors of g(i).
5, 11
Let x(c) be the second derivative of -c**5/5 + 5*c**4/8 + 3*c**3/2 - c. Let h(w) be the second derivative of x(w). What are the prime factors of h(-3)?
3, 29
Let c(h) be the first derivative of 37*h + 3/2*h**2 - 18. What are the prime factors of c(-10)?
7
Let t = 386 - 382. Suppose 5*x + 5*a = 1209 + 461, x - 309 = t*a. List the prime factors of x.
7, 47
Let t = -144 - -147. Suppose 2*m - 1028 = -4*v, -2*m = -t*v + 3*m + 784. List the prime factors of v.
2, 3, 43
Suppose -2*n + 1070 - 252 = 3*f, 2*f + 4 = 0. What are the prime factors of n?
2, 103
List the prime factors of (-3 + 50/15)/((-2)/(-65874)).
10979
Suppose -2*t = 3*h - 1939, -5*h = -25*t + 27*t - 3225. Suppose -9*y - h = -4270. What are the prime factors of y?
13, 31
Let i(o) = o**3 - 19*o**2 - 10*o + 47. Suppose -36*q + 672 = -4*q. What are the prime factors of i(q)?
719
What are the prime factors of 3 + (4 + 1 - (0 - -7)) + 4?
5
Suppose 56*r = 39*r + 51. Suppose h - r*h - 1180 = -2*m, -3*m - 4*h + 1770 = 0. What are the prime factors of m?
2, 5, 59
Suppose -202 = 26*a - 52800. What are the prime factors of a?
7, 17
Let s(f) = 2*f - 11. Let h be s(8). Suppose -2*i = 3*i + h. What are the prime factors of 36 - i - (3 + 1)?
3, 11
Let o(a) be the first derivative of 12*a**2 - 15*a - 15. Let n be o(4). List the prime factors of n + -1*9/(-3).
2, 3, 7
What are the prime factors of (2*(-1)/(-4))/((-31)/(-179986))?
2903
Suppose 10*k + 25 = -95. List the prime factors of 2 + 4 - (-1529 + k).
7, 13, 17
Suppose 16*y = 18*y + 1572. Let c be (-6)/21 - y/7. Suppose 3*q = -4*h + 170, 2*q - c = -2*h - 2*h. List the prime factors of q.
2, 29
Let m(q) = -50*q**3 - 6*q**2 - 36*q - 96. What are the prime factors of m(-9)?
2, 3, 13, 29
Suppose -270 = 3*a + 3*a. Let r be a/(-20)*(-1 - 5/3). What are the prime factors of 15*(-2)/(r + 0)?
5
Let b be (8/(-12))/((-83)/27 - -3). Suppose 5130 = b*r + 2025. Suppose 22*j - 25*j + r = 0. What are the prime factors of j?
5, 23
Let i be ((-560)/(-15) - 1)/(2/6). Suppose -3*z - 4*h = -i, -4*h + h - 172 = -5*z. Suppose -98 = -u - z. List the prime factors of u.
3, 7
Let k = -10709 + 21216. What are the prime factors of k?
7, 19, 79
Let n(s) = 16*s**2 - 31*s + 197. List the prime factors of n(40).
13, 1889
Let n be 2 - -381 - (-3)/(-1). Let t = 100 + n. Suppose 5*v = 5*p + 530, 5*v + 3*p = -2*p + t. List the prime factors of v.
101
Let w(s) = -70*s**2 - 6*s + 13. Let q be w(2). Let n = q - -480. What are the prime factors of n?
3, 67
Let a = -146585 + 221543. What are the prime factors of a?
2, 3, 13, 31
Suppose 0 = 116*y - 15404 - 20440. What are the prime factors of y?
3, 103
Suppose 2*d - 838 = 494. Suppose d = 3*q + 276. List the prime factors of q.
2, 5, 13
Let n be 4098/(-10) + (3 - (-112)/(-35)). Let i = 644 + n. List the prime factors of i.
2, 3, 13
Let k(a) = 21*a**2 - 207*a - 58. What are the prime factors of k(17)?
2, 7, 89
Let f(h) be the third derivative of 0 + 0*h**3 + 0*h - 1/4*h**4 + 15*h**2. What are the prime factors of f(-11)?
2, 3, 11
Let t(n) = -22*n - 34. Let j be -11 - (2 + 2)*-1. What are the prime factors of t(j)?
2, 3, 5
Let l(w) be the second derivative of 33*w**5/20 + 5*w**4/12 - 7*w**3/6 + 11*w**2/2 - 2*w - 13. List the prime factors of l(2).
281
Let p be 20*(-5 - (-27)/6). Let c(o) = -2*o + 31. Let h be c(p). Suppose -2*n + 1 + 20 = -3*m, -2*m + h = 3*n. What are the prime factors of n?
3, 5
Let f(l) = -55 - 2*l**2 - 10 + 3*l**2 + 26*l. List the prime factors of f(